{"id":261,"date":"2026-03-04T17:18:02","date_gmt":"2026-03-04T17:18:02","guid":{"rendered":"https:\/\/cirugiafutura.net\/?page_id=261"},"modified":"2026-03-04T17:18:02","modified_gmt":"2026-03-04T17:18:02","slug":"preguntas-frecuentes","status":"publish","type":"page","link":"https:\/\/cirugiafutura.net\/index.php\/preguntas-frecuentes\/","title":{"rendered":"Preguntas Frecuentes"},"content":{"rendered":"\n<div style=\"height:20px\" aria-hidden=\"true\" class=\"wp-block-spacer\"><\/div>\n\n\n\n<hr class=\"wp-block-separator has-text-color has-tertiary-color has-alpha-channel-opacity has-tertiary-background-color has-background is-style-yith-wonder-dashed-wide-separator\"\/>\n\n\n\n<h2 class=\"wp-block-heading has-text-align-center\">\u00bfCu\u00e1ndo debo consultar con un cirujano general?<\/h2>\n\n\n\n<p>Debe consultar cuando presente s\u00edntomas como dolor abdominal persistente, inflamaci\u00f3n, n\u00e1useas, v\u00f3mitos, acidez frecuente, hernias visibles, problemas digestivos o cuando su m\u00e9dico tratante recomiende una evaluaci\u00f3n quir\u00fargica.<\/p>\n\n\n\n<hr class=\"wp-block-separator has-alpha-channel-opacity\"\/>\n\n\n\n<h2 class=\"wp-block-heading\">\u00bfQu\u00e9 cirug\u00edas realiza el Dr. Ren\u00e9 Mendoza?<\/h2>\n\n\n\n<p>El Dr. Ren\u00e9 Mendoza realiza procedimientos de cirug\u00eda general y laparosc\u00f3pica, incluyendo:<\/p>\n\n\n\n<ul class=\"wp-block-list\">\n<li>Cirug\u00eda de ves\u00edcula<\/li>\n\n\n\n<li>Cirug\u00eda de hernias<\/li>\n\n\n\n<li>Cirug\u00eda abdominal avanzada<\/li>\n\n\n\n<li>Cirug\u00eda digestiva y metab\u00f3lica<\/li>\n\n\n\n<li>Cirug\u00eda de trauma y emergencia<\/li>\n<\/ul>\n\n\n\n<hr class=\"wp-block-separator has-alpha-channel-opacity\"\/>\n\n\n\n<h2 class=\"wp-block-heading\">\u00bfLas cirug\u00edas son m\u00ednimamente invasivas?<\/h2>\n\n\n\n<p>Muchas cirug\u00edas se realizan mediante <strong>laparoscop\u00eda<\/strong>, una t\u00e9cnica m\u00ednimamente invasiva que permite:<\/p>\n\n\n\n<ul class=\"wp-block-list\">\n<li>Incisiones peque\u00f1as<\/li>\n\n\n\n<li>Menor dolor postoperatorio<\/li>\n\n\n\n<li>Recuperaci\u00f3n m\u00e1s r\u00e1pida<\/li>\n\n\n\n<li>Menor tiempo de hospitalizaci\u00f3n<\/li>\n<\/ul>\n\n\n\n<hr class=\"wp-block-separator has-alpha-channel-opacity\"\/>\n\n\n\n<h2 class=\"wp-block-heading\">\u00bfQu\u00e9 debo hacer antes de una cirug\u00eda?<\/h2>\n\n\n\n<p>Antes de la cirug\u00eda se recomienda:<\/p>\n\n\n\n<ul class=\"wp-block-list\">\n<li>Realizar los ex\u00e1menes m\u00e9dicos solicitados<\/li>\n\n\n\n<li>Informar al m\u00e9dico sobre enfermedades previas<\/li>\n\n\n\n<li>Suspender ciertos medicamentos si el cirujano lo indica<\/li>\n\n\n\n<li>Mantener ayuno seg\u00fan indicaciones m\u00e9dicas<\/li>\n\n\n\n<li>Seguir todas las recomendaciones del equipo quir\u00fargico<\/li>\n<\/ul>\n\n\n\n<hr class=\"wp-block-separator has-alpha-channel-opacity\"\/>\n\n\n\n<h2 class=\"wp-block-heading\">\u00bfCu\u00e1les son los cuidados despu\u00e9s de una cirug\u00eda?<\/h2>\n\n\n\n<p>Despu\u00e9s de la cirug\u00eda es importante:<\/p>\n\n\n\n<ul class=\"wp-block-list\">\n<li>Seguir las indicaciones m\u00e9dicas<\/li>\n\n\n\n<li>Tomar los medicamentos recetados<\/li>\n\n\n\n<li>Evitar esfuerzos f\u00edsicos intensos<\/li>\n\n\n\n<li>Mantener la herida limpia y seca<\/li>\n\n\n\n<li>Asistir a los controles postoperatorios<\/li>\n<\/ul>\n\n\n\n<hr class=\"wp-block-separator has-alpha-channel-opacity\"\/>\n\n\n\n<h2 class=\"wp-block-heading\">\u00bfQu\u00e9 es una cirug\u00eda de emergencia?<\/h2>\n\n\n\n<p>Una cirug\u00eda de emergencia se realiza cuando existe una condici\u00f3n que pone en riesgo la vida del paciente, como:<\/p>\n\n\n\n<ul class=\"wp-block-list\">\n<li>Apendicitis<\/li>\n\n\n\n<li>Perforaciones intestinales<\/li>\n\n\n\n<li>Hemorragias internas<\/li>\n\n\n\n<li>Infecciones abdominales graves<\/li>\n\n\n\n<li>Trauma abdominal por accidentes o heridas<\/li>\n<\/ul>\n\n\n\n<hr class=\"wp-block-separator has-alpha-channel-opacity\"\/>\n\n\n\n<h2 class=\"wp-block-heading\">\u00bfSe atienden emergencias quir\u00fargicas?<\/h2>\n\n\n\n<p class=\"has-text-align-center\">S\u00ed. El Dr. Ren\u00e9 Mendoza atiende <strong>urgencias y emergencias quir\u00fargicas<\/strong>, incluyendo trauma abdominal y complicaciones digestivas que requieren intervenci\u00f3n inmediata.<\/p>\n\n\n\n<p class=\"has-text-align-center\"><\/p>\n\n\n\n<div style=\"height:100px\" aria-hidden=\"true\" class=\"wp-block-spacer\"><\/div>\n\n\n\n<div class=\"wp-block-cover alignfull is-light\"><img decoding=\"async\" class=\"wp-block-cover__image-background\" alt=\"\" src=\"https:\/\/cirugiafutura.net\/wp-content\/themes\/yith-wonder\/assets\/images\/demo-content\/orchid\/background-decoration.png\" data-object-fit=\"cover\"\/><span aria-hidden=\"true\" class=\"wp-block-cover__background has-background-dim-0 has-background-dim\"><\/span><div class=\"wp-block-cover__inner-container is-layout-constrained wp-block-cover-is-layout-constrained\">\n<div class=\"wp-block-columns alignwide are-vertically-aligned-center is-layout-flex wp-container-core-columns-is-layout-e787dfde wp-block-columns-is-layout-flex\">\n<div class=\"wp-block-column is-vertically-aligned-center is-layout-flow wp-container-core-column-is-layout-a77db08e wp-block-column-is-layout-flow\">\n<figure class=\"wp-block-image size-full\"><img loading=\"lazy\" decoding=\"async\" width=\"1536\" height=\"862\" src=\"https:\/\/cirugiafutura.net\/wp-content\/uploads\/2026\/03\/Operando.png\" alt=\"\" class=\"wp-image-131\" srcset=\"https:\/\/cirugiafutura.net\/wp-content\/uploads\/2026\/03\/Operando.png 1536w, https:\/\/cirugiafutura.net\/wp-content\/uploads\/2026\/03\/Operando-300x168.png 300w, https:\/\/cirugiafutura.net\/wp-content\/uploads\/2026\/03\/Operando-1024x575.png 1024w, https:\/\/cirugiafutura.net\/wp-content\/uploads\/2026\/03\/Operando-768x431.png 768w\" sizes=\"auto, (max-width: 1536px) 100vw, 1536px\" \/><\/figure>\n<\/div>\n\n\n\n<div class=\"wp-block-column is-vertically-aligned-center is-layout-flow wp-block-column-is-layout-flow\">\n<p class=\"has-primary-color has-text-color has-x-large-font-size\" style=\"font-style:normal;font-weight:700\">Dr. Rene Mendoza Merch\u00e1n al cuidado de su salud.<\/p>\n\n\n\n<div style=\"height:10px\" aria-hidden=\"true\" class=\"wp-block-spacer\"><\/div>\n\n\n\n<div class=\"wp-block-group is-content-justification-left is-layout-constrained wp-container-core-group-is-layout-20f472fc wp-block-group-is-layout-constrained\">\n<p class=\"has-secondary-color has-text-color\" style=\"font-style:normal;font-weight:600;text-transform:uppercase\">consulte las cirugias de especialidad<\/p>\n\n\n\n<div style=\"height:20px\" aria-hidden=\"true\" class=\"wp-block-spacer\"><\/div>\n\n\n\n<div class=\"wp-block-buttons is-layout-flex wp-block-buttons-is-layout-flex\">\n<div class=\"wp-block-button is-style-fill\"><a class=\"wp-block-button__link has-normal-font-size has-custom-font-size wp-element-button\" href=\"https:\/\/cirugiafutura.net\/index.php\/servicios\/\" style=\"border-radius:50px;padding-top:1rem;padding-right:var(--wp--preset--spacing--70);padding-bottom:1rem;padding-left:var(--wp--preset--spacing--70);font-style:normal;font-weight:700;text-transform:uppercase\">ver cirugias<\/a><\/div>\n<\/div>\n<\/div>\n<\/div>\n<\/div>\n<\/div><\/div>\n\n\n\n<div style=\"height:100px\" aria-hidden=\"true\" class=\"wp-block-spacer\"><\/div>\n\n\n\n<div style=\"height:100px\" aria-hidden=\"true\" class=\"wp-block-spacer\"><\/div>\n\n\n\n<p><\/p>\n","protected":false},"excerpt":{"rendered":"<p>\u00bfCu\u00e1ndo debo consultar con un cirujano general? Debe consultar cuando presente s\u00edntomas como dolor abdominal persistente, inflamaci\u00f3n, n\u00e1useas, v\u00f3mitos, acidez frecuente, hernias visibles, problemas digestivos o cuando su m\u00e9dico tratante recomiende una evaluaci\u00f3n quir\u00fargica. \u00bfQu\u00e9 cirug\u00edas realiza el Dr. Ren\u00e9 Mendoza? El Dr. Ren\u00e9 Mendoza realiza procedimientos de cirug\u00eda general y laparosc\u00f3pica, incluyendo: \u00bfLas cirug\u00edas [&hellip;]<\/p>\n","protected":false},"author":1,"featured_media":0,"parent":0,"menu_order":0,"comment_status":"closed","ping_status":"closed","template":"","meta":{"footnotes":""},"class_list":["post-261","page","type-page","status-publish","hentry"],"_links":{"self":[{"href":"https:\/\/cirugiafutura.net\/index.php\/wp-json\/wp\/v2\/pages\/261","targetHints":{"allow":["GET"]}}],"collection":[{"href":"https:\/\/cirugiafutura.net\/index.php\/wp-json\/wp\/v2\/pages"}],"about":[{"href":"https:\/\/cirugiafutura.net\/index.php\/wp-json\/wp\/v2\/types\/page"}],"author":[{"embeddable":true,"href":"https:\/\/cirugiafutura.net\/index.php\/wp-json\/wp\/v2\/users\/1"}],"replies":[{"embeddable":true,"href":"https:\/\/cirugiafutura.net\/index.php\/wp-json\/wp\/v2\/comments?post=261"}],"version-history":[{"count":1,"href":"https:\/\/cirugiafutura.net\/index.php\/wp-json\/wp\/v2\/pages\/261\/revisions"}],"predecessor-version":[{"id":263,"href":"https:\/\/cirugiafutura.net\/index.php\/wp-json\/wp\/v2\/pages\/261\/revisions\/263"}],"wp:attachment":[{"href":"https:\/\/cirugiafutura.net\/index.php\/wp-json\/wp\/v2\/media?parent=261"}],"curies":[{"name":"wp","href":"https:\/\/api.w.org\/{rel}","templated":true}]}}